on factor of f and 315.
9
Let w = -18498 - -18501. Let u = -20 - -59. What is the highest common factor of u and w?
3
Suppose -351*o + 371*o = 1860. Calculate the greatest common divisor of 14043 and o.
93
Let n = -56 + 61. Let d(t) = 4*t**2 + t - 2. Let i be d(n). Suppose 10*m - i - 97 = 0. Calculate the greatest common factor of 10 and m.
10
Let a(f) = f**3 - 9*f**2 - 6*f - 49. Let d be a(13). Let x = -542 + d. Let i be -1 - (0 + -1 + -21). What is the highest common factor of x and i?
7
Suppose -4*i = v - 7, 4*i - 2*v - 16 = 6. Suppose 2*f - 7*f - 5 = 0, 3*h - 159 = i*f. Calculate the highest common divisor of 13 and h.
13
Suppose -2*w + 3*i = -13, 2*i - 23 = 10*w - 15*w. Suppose 3*g - 23 + 6 = -w*b, 5*b - 23 = 3*g. Calculate the greatest common divisor of 1 and b.
1
Let r be (-2)/(-8)*(-256)/192*3*-1. What is the highest common divisor of r and 2083?
1
Let n = -275 + 275. Suppose n = 7*t - 4 - 73. What is the greatest common divisor of 99 and t?
11
Suppose 4*r - 226*u = -228*u + 548, 3*u - 417 = -3*r. What is the greatest common factor of r and 1440?
45
Suppose -5*c + 4665 - 1249 = -y, -3440 = -5*c - 5*y. What is the greatest common factor of c and 152?
76
Suppose 212*n - 213*n = -13. Suppose -n*h = -6*h - 168. Calculate the greatest common divisor of h and 120.
24
Let k = -143 + 517. Let t be 3/((-38)/(-133) + -1 + 262/308). What is the greatest common factor of t and k?
22
Let k(i) = -i**3 + 11*i**2 - 21*i + 305. Let r be k(10). Calculate the highest common divisor of 26 and r.
13
Let b be (-14422)/(-19) + 52/(-988). Calculate the highest common divisor of b and 198.
33
Let u be ((7 - -7)/28)/((-1)/(-56)). What is the greatest common factor of 1148 and u?
28
Let g(j) = j**3 + 7*j**2 - j + 1. Let z(y) = 6*y**2 - y + 2. Let o(p) = 3*g(p) - 4*z(p). Let a be o(5). Calculate the greatest common divisor of a and 180.
60
Suppose -2*n = 2*o + 129 - 3861, 5*o + 3*n - 9342 = 0. Calculate the highest common factor of 64 and o.
16
Let q be (3 - 22 - 1)*10/5. Let h be (q/(-28))/((-4)/(-28)). Calculate the greatest common divisor of 790 and h.
10
Let o(x) = 102*x**2 - 24*x - 36. Let r be o(-2). Suppose -5*a + 3*h = -32, -4*a + 2*a + h + 13 = 0. What is the greatest common factor of r and a?
7
Suppose 19*f + 3*q - 444 = 0, 3*f - 203 = 2*q - 123. Let m(i) = -2*i - 9. Let t be m(-6). Calculate the greatest common factor of t and f.
3
Suppose -127*k + 4955 = -122*k. Let s = -988 + k. Calculate the greatest common divisor of 321 and s.
3
Suppose -5*k - 3*d + 151 = -160, -2*k - 4*d + 116 = 0. Suppose -80*c + 31*c + 4784 = -26*c. What is the greatest common factor of k and c?
16
Suppose v + 27*v + 20*v = 1008. Suppose -543 - 927 = -5*x. What is the greatest common factor of x and v?
21
Suppose -10*f = 115 - 145. Suppose 5*m + 635 = 5*u - 715, -f = -m. What is the highest common factor of u and 78?
39
Let v(z) = -15432*z - 107224. Let u be v(-7). Suppose k - 25 = -l, k = 4*l - 2*l - 50. Calculate the highest common divisor of l and u.
25
Let t = -22984 - -22990. Suppose n + r = -0*n + 28, -r = 2*n - 61. Calculate the greatest common factor of t and n.
3
Let r = 33 + -13. Let f = -1789 - -1801. What is the greatest common factor of f and r?
4
Let c be 530 - (-15 + 84/3). Calculate the highest common factor of 11 and c.
11
Suppose 123 = 20*h + 23. Suppose m + 50 = w + 3*m, -h*m - 73 = -2*w. Calculate the greatest common factor of 44 and w.
44
Let s(b) = -558*b + 576. Let w be s(-17). Calculate the highest common factor of w and 86.
86
Let x = -21661 + 21699. Calculate the highest common factor of x and 6878.
38
Suppose -332 + 9 = -5*t + 3*v, -2*v - 2 = 0. Suppose -22*s + 23*s - 3 = 0, 0 = -l + 3*s + 199. What is the greatest common factor of t and l?
16
Suppose -18 = -9*s - 45. Let i be 9 + -7 - s - -13. Calculate the highest common factor of i and 132.
6
Let y = 91 - 39. Let w = y - 38. Let s(b) = -b + 23. Let i be s(w). What is the highest common factor of 63 and i?
9
Suppose 4*b = 5*u + 633, 162 = b + u - 6*u. Suppose -w + 74 = -4*f, 2*w + f = 6*f + b. What is the greatest common divisor of 387 and w?
43
Let z be (4/8)/(-1) - (-75)/6. Suppose -5*f + 32 - z = 0. Suppose 3*g - 67 = -o + g, -f*o + 262 = 5*g. Calculate the highest common divisor of o and 7.
7
Let p(b) be the first derivative of b**4/4 + 13*b**3/3 + 9*b**2 - 35*b + 16. Let g be p(-11). Calculate the highest common factor of g and 117.
9
Suppose -14*i + 7220 = -12156. What is the highest common factor of 24 and i?
8
Suppose -4*f - 2*p + 808 = 0, 70*p - 65*p = -f + 184. What is the greatest common divisor of 1360 and f?
68
Suppose -12*t - 101*t = -904. Calculate the highest common divisor of 3176 and t.
8
Let v = -10314 - -10860. What is the greatest common factor of v and 1014?
78
Suppose -3*w = 2*w - 360. Let r = 510552 - 510543. What is the highest common divisor of w and r?
9
Let s be (-3 - -3) + ((-27)/12)/(7/(-28)). What is the highest common divisor of 14643 and s?
9
Let g = -77 + -250. Let f be g/(-18) + 12/(-72). Calculate the highest common divisor of f and 558.
18
Let n = 18 + -13. Suppose -3*a + 3*o = 0, -6 = 5*a + 5*o - 7*o. Let d be (2 + a + 40)*6/12. Calculate the highest common factor of d and n.
5
Let p be (-53 + 42)/((-1)/10). What is the greatest common divisor of 7205 and p?
55
Let r = 32 - 27. Suppose 3*b + c = 300, -5*b = -r*c - 365 - 135. Suppose -2*k + b = t, -4*t + 10 = t. Calculate the highest common factor of k and 7.
7
Let q be 22/5 + (-4)/10. Let s(x) = 11 + 9 - 21 - 11*x. Let z be s(-3). What is the highest common factor of z and q?
4
Let z be (-3 + 3 - -3) + 100/4. Let n be 4/12 - 35*z/(-12). Calculate the greatest common factor of 369 and n.
41
Suppose 2*l = 5*c - 590, 0 = 2*c - 11*l + 7*l - 236. Suppose -5*f - 4*j + 2 = 0, 4*f + 2*j - 4 = -0*j. Calculate the greatest common factor of f and c.
2
Let v = -1 + 12. Let x be (0 - 1)/((-2)/10 - 44/55). Calculate the highest common factor of x and v.
1
Suppose -217 = 4*m + 5*k, 6 - 5 = -k. Let a = -49 - m. Suppose -12 = a*f, r - 19 = f + 2*f. What is the greatest common divisor of 20 and r?
10
Let u be 28/(-18)*(-17334)/963. Calculate the highest common factor of u and 7028.
28
Suppose 2*v - 6*v = 0, 5*f = 4*v + 880. Suppose 3*w + 39 = -5*m + f, 2*w - 3*m = 66. Let c = 0 + w. What is the greatest common factor of c and 26?
13
Suppose -41 - 27 = 34*m. Let q be (10/(-8))/(m/8). Calculate the greatest common divisor of 7 and q.
1
Let q be (-3 - -189 - -4)*-1. Let y = q + 246. Calculate the highest common factor of 40 and y.
8
Suppose 0 = -3*k + 4*b + 9 + 9, 0 = 4*b. Let m(i) = 5*i**2 - 14*i + 30. Let a be m(k). What is the greatest common factor of 54 and a?
18
Let a(b) = 2*b**3 - 3*b**2 + 7*b - 12. Let g be a(3). Let w be ((-9)/(-2))/(18/24). Let s be 2 + w/(-4 - -7). Calculate the highest common factor of s and g.
4
Suppose -4*a + 140 = 4*p, 559*a + 44 = 560*a + 4*p. Calculate the highest common divisor of 1440 and a.
32
Suppose 2*s + 5*m = -1172 + 3911, 5*s + 4*m = 6873. Calculate the greatest common divisor of 216 and s.
27
Suppose 14*l - 180 = -4*f + 15*l, -76 = -2*f - 3*l. Calculate the highest common factor of 429 and f.
11
Let h = 14118 + -12518. Calculate the highest common divisor of 300 and h.
100
Let x be (-2)/(-7) - (-2619)/21. Suppose -2*k + 5*y + 145 = 0, 0 = -3*y + 21 - 6. Let t be (-8)/(-20) - (-4216)/k. What is the highest common factor of t and x?
25
Let d(k) = -k**3 - 18*k**2 - 39*k + 12. Let a be d(-20). What is the greatest common factor of 8 and a?
8
Suppose 3*p = -3*d + 489, 0 = 2*p + 1782*d - 1785*d - 366. Calculate the highest common factor of 40527 and p.
171
Let g be -2*(-5467)/112 + -4 + (-385)/(-88). What is the highest common factor of 50 and g?
2
Let m = 13821 - -3772. Calculate the greatest common divisor of m and 241.
241
Let b(d) = 24*d**3 - 8*d**2 + 6*d - 6. Let h be b(2). Let v = 190 - h. What is the greatest common factor of 72 and v?
24
Let w be (45/5)/(-27) - (-188)/6. Suppose w*a - 1012 - 476 = 0. What is the greatest common divisor of 128 and a?
16
Let v = 233 - 228. Suppose -v*g = -0*g - 5. Calculate the greatest common factor of 7 and g.
1
Suppose 272 - 1151 = -j - 5*q, 5*j - 4*q = 4453. Let y = -879 + j. What is the highest common divisor of y and 370?
10
Suppose 194*q = -5*v 